?
48
What is the remainder when 569 is divided by 38?
37
Calculate the remainder when 523 is divided by 75.
73
What is the remainder when 507 is divided by 329?
178
What is the remainder when 1294 is divided by 11?
7
Calculate the remainder when 438 is divided by 176.
86
What is the remainder when 534 is divided by 134?
132
What is the remainder when 871 is divided by 29?
1
Calculate the remainder when 2058 is divided by 293.
7
Calculate the remainder when 1401 is divided by 62.
37
What is the remainder when 60 is divided by 37?
23
Calculate the remainder when 569 is divided by 148.
125
What is the remainder when 950 is divided by 137?
128
What is the remainder when 84 is divided by 12?
0
Calculate the remainder when 771 is divided by 18.
15
Calculate the remainder when 251 is divided by 96.
59
Calculate the remainder when 3481 is divided by 52.
49
What is the remainder when 380 is divided by 185?
10
Calculate the remainder when 361 is divided by 75.
61
What is the remainder when 147 is divided by 38?
33
What is the remainder when 615 is divided by 194?
33
Calculate the remainder when 8192 is divided by 38.
22
What is the remainder when 33 is divided by 18?
15
What is the remainder when 41 is divided by 25?
16
Calculate the remainder when 816 is divided by 57.
18
What is the remainder when 1197 is divided by 11?
9
What is the remainder when 559 is divided by 192?
175
What is the remainder when 1809 is divided by 231?
192
Calculate the remainder when 251 is divided by 43.
36
What is the remainder when 449 is divided by 50?
49
What is the remainder when 518 is divided by 187?
144
What is the remainder when 149 is divided by 25?
24
What is the remainder when 77 is divided by 7?
0
What is the remainder when 174 is divided by 46?
36
What is the remainder when 19187 is divided by 95?
92
Calculate the remainder when 4727 is divided by 10.
7
What is the remainder when 1119 is divided by 17?
14
Calculate the remainder when 2768 is divided by 39.
38
What is the remainder when 170 is divided by 19?
18
What is the remainder when 3701 is divided by 23?
21
Calculate the remainder when 173 is divided by 155.
18
Calculate the remainder when 122 is divided by 18.
14
Calculate the remainder when 265 is divided by 44.
1
What is the remainder when 242 is divided by 24?
2
What is the remainder when 1455 is divided by 4?
3
What is the remainder when 3110 is divided by 17?
16
What is the remainder when 3077 is divided by 7?
4
What is the remainder when 1318 is divided by 15?
13
Calculate the remainder when 495 is divided by 16.
15
What is the remainder when 46 is divided by 10?
6
Calculate the remainder when 231 is divided by 3.
0
Calculate the remainder when 68 is divided by 33.
2
What is the remainder when 540 is divided by 76?
8
Calculate the remainder when 916 is divided by 20.
16
What is the remainder when 85 is divided by 7?
1
Calculate the remainder when 4162 is divided by 23.
22
What is the remainder when 373 is divided by 72?
13
What is the remainder when 263 is divided by 24?
23
What is the remainder when 4432 is divided by 16?
0
What is the remainder when 226 is divided by 12?
10
What is the remainder when 7676 is divided by 9?
8
What is the remainder when 27948 is divided by 50?
48
What is the remainder when 357 is divided by 95?
72
Calculate the remainder when 5938 is divided by 99.
97
Calculate the remainder when 197 is divided by 17.
10
What is the remainder when 510 is divided by 254?
2
Calculate the remainder when 316 is divided by 255.
61
Calculate the remainder when 629 is divided by 30.
29
Calculate the remainder when 1092 is divided by 263.
40
What is the remainder when 46160 is divided by 23?
22
What is the remainder when 349 is divided by 91?
76
Calculate the remainder when 204 is divided by 55.
39
Calculate the remainder when 658 is divided by 59.
9
What is the remainder when 959 is divided by 93?
29
Calculate the remainder when 160 is divided by 63.
34
Calculate the remainder when 372 is divided by 186.
0
Calculate the remainder when 2166 is divided by 7.
3
Calculate the remainder when 9726 is divided by 76.
74
What is the remainder when 46 is divided by 33?
13
Calculate the remainder when 274 is divided by 25.
24
What is the remainder when 1447 is divided by 464?
55
Calculate the remainder when 1714 is divided by 101.
98
What is the remainder when 143 is divided by 12?
11
What is the remainder when 1307 is divided by 427?
26
What is the remainder when 605 is divided by 10?
5
What is the remainder when 734 is divided by 183?
2
What is the remainder when 1272 is divided by 52?
24
Calculate the remainder when 5776 is divided by 577.
6
Calculate the remainder when 90 is divided by 16.
10
What is the remainder when 1119 is divided by 16?
15
Calculate the remainder when 3860 is divided by 84.
80
What is the remainder when 1590 is divided by 4?
2
What is the remainder when 92 is divided by 33?
26
Calculate the remainder when 293 is divided by 99.
95
What is the remainder when 791 is divided by 108?
35
What is the remainder when 9 is divided by 5?
4
Calculate the remainder when 37 is divided by 13.
11
What is the remainder when 2908 is divided by 5?
3
What is the remainder when 273 is divided by 21?
0
What is the remainder when 160 is divided by 102?
58
Calculate the remainder when 1207 is divided by 8.
7
What is the remainder when 4875 is divided by 271?
268
Calculate the remainder when 150 is divided by 17.
14
Calculate the remainder when 1083 is divided by 78.
69
Calculate the remainder when 1598 is divided by 521.
35
What is the remainder when 11951 is divided by 8?
7
Calculate the remainder when 716 is divided by 231.
23
Calculate the remainder when 87 is divided by 10.
7
Calculate the remainder when 270 is divided by 15.
0
Calculate the remainder when 501 is divided by 29.
8
Calculate the remainder when 276 is divided by 41.
30
What is the remainder when 6120 is divided by 35?
30
Calculate the remainder when 196 is divided by 68.
60
Calculate the remainder when 2812 is divided by 22.
18
What is the remainder when 3704 is divided by 36?
32
What is the remainder when 70 is divided by 24?
22
Calculate the remainder when 203 is divided by 80.
43
What is the remainder when 187 is divided by 24?
19
What is the remainder when 170 is divided by 43?
41
Calculate the remainder when 162 is divided by 128.
34
Calculate the remainder when 1032 is divided by 69.
66
What is the remainder when 104 is divided by 28?
20
What is the remainder when 465 is divided by 6?
3
Calculate the remainder when 397 is divided by 63.
19
Calculate the remainder when 550 is divided by 184.
182
Calculate the remainder when 984 is divided by 324.
12
What is the remainder when 112 is divided by 37?
1
Calculate the remainder when 262 is divided by 24.
22
Calculate the remainder when 998 is divided by 329.
11
Calculate the remainder when 1180 is divided by 91.
88
What is the remainder when 1546 is divided by 16?
10
What is the remainder when 1488 is divided by 18?
12
What is the remainder when 600 is divided by 150?
0
Calculate the remainder when 311 is divided by 20.
11
Calculate the remainder when 356 is divided by 10.
6
What is the remainder when 81 is divided by 26?
3
Calculate the remainder when 461 is divided by 7.
6
What is the remainder when 6080 is divided by 1519?
4
Calculate the remainder when 4059 is divided by 239.
235
What is the remainder when 29 is divided by 15?
14
Calculate the remainder when 258 is divided by 20.
18
What is the remainder when 302 is divided by 26?
16
What is the remainder when 166 is divided by 85?
81
What is the remainder when 105 is divided by 101?
4
What is the remainder when 110 is divided by 48?
14
Calculate the remainder when 943 is divided by 230.
23
Calculate the remainder when 47 is divided by 11.
3
Calculate the remainder when 3957 is divided by 132.
129
Calculate the remainder when 124 is divided by 51.
22
What is the remainder when 95 is divided by 27?
14
Calculate the remainder when 476 is divided by 122.
110
What is the remainder when 156 is divided by 49?
9
What is the remainder when 323 is divided by 84?
71
Calculate the remainder when 481 is divided by 219.
43
What is the remainder when 309 is divided by 29?
19
What is the r